 2*u**2 + u - 2. Let t = -18 - -16. Give w(t).
-12
Suppose -2*i - i + 15 = 0. Let j(c) = 3*c + 6. Let g(n) = 2*n + 5. Let k(s) = s + 1. Let a(y) = g(y) + 2*k(y). Let b(t) = i*a(t) - 6*j(t). Calculate b(-3).
-7
Let v(a) = -a**2 - a + 2. Let x(f) = f**3 - 8*f**2 - 3. Let z be x(8). Let n be (1/3)/(z/(-18)). Give v(n).
-4
Suppose -4*g + 0*g = 2*r, r - 3*g = 20. Let d(s) = s. Give d(r).
8
Let o(a) = -3*a - 98 + 5*a - a**3 + 99 - 3*a**2. What is o(-3)?
-5
Let f be 0/(-11) + (0 - -3). Suppose -2*o - f*o - 10 = 0. Let j(u) = -3*u**2 + u + 1. Determine j(o).
-13
Let q(o) = 6 - 10 + 5*o - 4*o + 9. Determine q(-12).
-7
Let o(q) be the third derivative of -7*q**2 - 1/24*q**4 + 0*q + 0 + 1/6*q**3. Give o(5).
-4
Let n(m) = -15 + 10 + 4 - 5*m + 3. Calculate n(3).
-13
Let c(l) = 4*l**3 + 7*l**2 - 7*l - 10. Let h(y) = y**3 - 1. Let q(w) = -c(w) + 5*h(w). Calculate q(6).
11
Suppose 20 = 4*b, 0 = 2*s - 2*b + 16 + 6. Let n(u) = u**3 + 5*u**2 - 7*u - 2. Give n(s).
4
Let k(j) = -7*j**2 + 6*j + 17. Let m(t) = 6*t**2 - 5*t - 16. Let f(a) = -5*k(a) - 6*m(a). What is f(0)?
11
Let b(f) = -2*f. Let t = 15 + -17. Determine b(t).
4
Suppose 4 = -4*t - 4. Let z(p) = 11*p + 3. Give z(t).
-19
Let h(y) = y**3 + 7*y**2 - 8*y - 2. Suppose 8 - 48 = 5*w. What is h(w)?
-2
Let b = -1 + 4. Let o(h) = h**2 + 0 - b - 1. Determine o(-3).
5
Let n = 3 + 0. Suppose 0 = n*v - s + 13, 2*s + s - 12 = 0. Let m(x) = x**3 + 3*x**2 - x + 1. Give m(v).
4
Let u(i) = i**2 - i - 1. Let d(v) = v**3 - 2*v**2 - 9*v - 3. Let w(l) = -d(l) + 3*u(l). What is w(6)?
0
Let x(t) = -t**2 - t + 4*t**2 + 2*t**2. Let w(y) = -y**3 - 2*y**2 - 2*y - 2. Let u be w(-1). Calculate x(u).
6
Let o(d) = -10*d - 2. Let b = -88 + 90. What is o(b)?
-22
Suppose 2*h - 10 = -3*x, h = -x + 3*h + 6. Let i(f) be the third derivative of 1/8*f**x + 0 - 4*f**2 - 1/2*f**3 + 0*f. Calculate i(3).
6
Let m(w) be the second derivative of w**2 + 0 - 1/20*w**5 - 3*w - 1/3*w**4 - 1/3*w**3. Determine m(-2).
-2
Let w(y) = 2*y + 1. Let h = 7 - 12. Determine w(h).
-9
Let t = 6 + -3. Suppose v = -t*v + 4. Let d(a) = -a - 3. Let x(o) = 4*o + 11. Let r(g) = -22*d(g) - 6*x(g). Calculate r(v).
-2
Let h be (-1)/(3/9) + 4. Let l(a) = a - h - 3 + 4. Give l(-2).
-2
Let b(a) = a**3 + 9*a**2 + 6*a - 5. Let z(k) = -k**3 - 9*k**2 + 12*k + 12. Let n be z(-10). Give b(n).
11
Let y(p) = -3*p**3 + 8*p**2 - p - 4. Let w be y(3). Let g = w + 13. Let r(c) = -c - 4. What is r(g)?
-1
Let c(m) = -m**3 + 4*m**2 + 4*m. Let q be 2*3/(-24)*-4*5. Give c(q).
-5
Suppose -2*r - 34 = -5*b - 13, b + 12 = -5*r. Let q(j) = -3*j - 5. Let n(l) = 3*l + 5. Let i(t) = r*n(t) - 4*q(t). Calculate i(-4).
-7
Let g(k) = k**3 + 6*k**2 + 2*k + 9. Let s(w) = -w + 1. Let h be s(7). Determine g(h).
-3
Let p(t) = 1. Let x(f) = -9*f + 5. Let k(y) = y. Let v(g) = 4*k(g) - x(g). Let l(o) = 4*p(o) + v(o). Calculate l(-1).
-14
Let y(v) be the first derivative of 1/2*v**2 - v - 1. Give y(-2).
-3
Let f(j) = j**3 - 5*j**2 + 4. Let w be f(5). Let q(v) = -w - 2*v + 1 + 4 + v. What is q(-3)?
4
Let t(y) = -7*y + 28*y - 10*y - 10*y. Give t(-4).
-4
Let g = 37 - 28. Let t(o) = -o**2 + 10*o - 8. Give t(g).
1
Let n(y) = -y**2 - 6*y - 2. Let h(b) = -b**2 - 11*b - 3. Let i(g) = -3*h(g) + 5*n(g). Suppose 4 = 4*k - 4. Calculate i(k).
-3
Let o(j) = -j**3 + 7*j**2 + j - 6. Let c be o(7). Let s(p) be the third derivative of -2/15*p**5 + 0*p**3 + 0 + 1/24*p**4 - 3*p**2 + 0*p. What is s(c)?
-7
Let c(v) be the third derivative of 5*v**4/24 - v**3/6 - 5*v**2. Suppose -2*d + 0*d = -4. Determine c(d).
9
Let m(j) = -j**2 + 2*j + 1. Let y(g) = -g - 1. Let b(v) = 3*m(v) + 5*y(v). Give b(-2).
-16
Let m(c) = 2*c. Let i(a) = a**3 + 2*a**2 - 2*a. Let y be i(-2). Let l(u) = -1 - 2 + u + y. Let z(o) = -3*l(o) + m(o). Calculate z(-3).
0
Let o(n) = -2*n + n**3 + 4*n - 2*n. Give o(1).
1
Let i(q) = -2*q**3 + q**2 - q + 1. Let p be 5*(-5)/(-50)*2. Determine i(p).
-1
Let n = -9 - -3. Let q(j) = -j**2 - j + 2. Let l(b) = -b**2 - 2*b + 3. Let h = 10 - 6. Let i(v) = h*l(v) - 3*q(v). Determine i(n).
0
Let x(n) = 3*n**2 - 9*n - 7. Let h(q) = q**2 - 5*q - 4. Let k(d) = 5*h(d) - 2*x(d). Give k(-4).
6
Let y(n) = -7*n - 5. Let r(v) = -20*v - 14. Let p(b) = 6*r(b) - 17*y(b). Suppose 3*u + 0*u = 0. Suppose 5*h = 3*j - 4, u = -2*h + j + 2*j - 7. Give p(h).
0
Let h(w) be the third derivative of -5*w**4/24 - 4*w**2. Let a = -5 + 2. Let i = 4 + a. What is h(i)?
-5
Let j(t) = -t**3 - 6*t**2 - 4*t - 1. Let u = 20 - 25. What is j(u)?
-6
Let p(c) = -2*c**3 + 0 + c - 3*c**2 + c**2 - 1. Let d(i) = -i - 2. Let s be d(0). Give p(s).
5
Let z be ((-1)/(-3))/(3/18). Suppose 4 = 3*p - z*p. Let v(h) = p*h - 3*h + 5*h + 2 - 2*h. Calculate v(-2).
-6
Let z(w) = -5*w - 1. Let m(x) = 1. Let q(s) = -3*s - 7. Let y(n) = 4*m(n) + q(n). Let j be y(-2). Let h = 2 - j. Determine z(h).
4
Let y(x) = -x**2 - 6*x + 4. Let c(h) = -h**3 - 7*h**2 - 5*h. Let i be c(-6). Let u be y(i). Let d(o) = 2*o - 6 + 2 + 3. What is d(u)?
7
Let r(u) = -u**3 + 6*u**2 + 2*u - 9. Suppose -22*p - 18 = -25*p. Calculate r(p).
3
Let k(r) = 2*r**2 - 6. Let b be k(-2). Let p(x) = -x**2 + 2. Give p(b).
-2
Let y(z) = -z**3 + 4*z**2 + z - 4. Suppose -4*d + 16 = g, 0 = d + 3*d - 12. Give y(g).
0
Let o(h) = -9*h - 4. Let g(q) = 10*q + 5. Let y(v) = -3*g(v) - 4*o(v). Calculate y(1).
7
Let q(y) = -5*y**3 - y**2 - y - 5. Let v(u) = 11*u**3 + 2*u**2 + 2*u + 11. Let a(c) = 13*q(c) + 6*v(c). Give a(-2).
-9
Let h(l) be the first derivative of -5*l - 3 + 1/3*l**3 + 5/2*l**2. Determine h(-6).
1
Let j(y) = 2*y**3 + y**2 + y - 1. Let v = 6 - 12. Let l be (5 + v)/(2/6). Let c = l + 4. Give j(c).
3
Let k(n) be the third derivative of 0*n - 1/24*n**4 - n**2 + 0 + 1/2*n**3. Give k(-4).
7
Let f(p) be the second derivative of -p**3 + 3*p**2/2 + 6*p. Calculate f(3).
-15
Let x(o) = -3 - 5*o**3 + o**2 + 3*o**3 + 3*o**3. What is x(0)?
-3
Let x(f) = -f**2 + 4*f + 2. Let h = -3 - -4. Let q(k) be the second derivative of -k**2/2 + 2*k. Let l(z) = h*x(z) + 3*q(z). Determine l(5).
-6
Let q(y) = -y**3 + 3*y**2 - 4. Let h be 20/8*(-8)/10. Let u be 6/12 + (-5)/h. Determine q(u).
-4
Let g(k) = k**2 + 2*k - 7. Let x be g(-4). Let i = 1 + x. Let w(r) = -2*r**3 + 3*r - 3. Give w(i).
-13
Let l(w) be the first derivative of -2*w**3/3 + w**2/2 - 39. Calculate l(2).
-6
Suppose -5*b - o + 27 = 0, 4*b + 16 = 8*b - 2*o. Suppose -b*f - 24 = -f. Let i(c) = c**2 + 4*c. Give i(f).
12
Let b(i) = i**2 + 7*i + 3. Suppose -u = 8*u + 54. Calculate b(u).
-3
Let x(u) = -u**3 + 2*u**2 - 2*u + 3. Let k(y) = 2*y**2 + 2*y - 1. Let l(d) = -d**2 + 4*d - 3. Let w be l(5). Let r = w + 9. Let t be k(r). Determine x(t).
-12
Let b = 8 + -6. Let s(i) = 3*i - 7*i**b - 10 - i + 0*i. Let r(o) = -4*o**2 + o - 5. Let c(p) = 5*r(p) - 3*s(p). What is c(0)?
5
Suppose 5*f + 2 = 3*f. Let k = 0 - -5. Let t(y) = -y**2 + k*y**3 - y**3 - y - 2 + 1. Calculate t(f).
-5
Let t(x) be the first derivative of x**3/3 - 7*x**2/2 - 2*x + 22. Give t(7).
-2
Let x be 0/(-12)*2/4. Let a(n) be the second derivative of 0*n**2 - 2*n + x - 1/2*n**3. Calculate a(2).
-6
Let n(m) = -m**3 + 4*m**2 + m - 4. Let d be n(3). Suppose 4*k + 0 + 4 = 2*x, -4*x + d = 2*k. Let r(i) = -i**3 + i**2 + 1. Give r(x).
-3
Suppose 2*i = i + 17. Suppose 3*w - i = -z - 0*z, 23 = 4*z + 3*w. Let o(n) = n**3 + 2*n**2 - z - n - 3 + 3. Determine o(-2).
0
Suppose -18 = 4*a + f, -7*f + 2*f + 10 = 0. Let r(c) = c + 9. What is r(a)?
4
Let y(a) = -5*a**3 - 9*a**2 - 10. Let w(u) = 4*u**3 + 8*u**2 + u + 9. Let i(j) = -4*w(j) - 3*y(j). Give i(-4).
-6
Let z(g) = -g**3 - g**2 - 2*g - 1. Let i be z(-2). Let o(k) = -5*k + i*k + 6 - k. What is o(-3)?
3
Let u(z) = 3*z**2 + z. Let j = 27 - 29. Calculate u(j).
10
Suppose -3 = a - 1. Let i(r) = 2*r**3 - 5*r**2 + 17*r + 11. Let q(c) = -c**3 + 2*c**2 - 8*c - 5. Let f(n) = -6*i(n) - 13*q(n). Determine f(a).
3
Let k = 15 - 8. Let n(x) = 5*x + 4*x - 8*x + x**2 + x**3 + k. Give n(0).
7
Let m(n) be the first derivative of -n**3/3 + 3*n**2/2 + 6*n - 1. Let h = 2 - 0. Suppose -5 = h*p - 15. Give m(p).
-4
Let l = -8 - -10. Suppose 5*q = 6*q - l. Let m(v) = 5*v + 2. Calculate m(q).
12
Let j(f) = f - 2. Suppose 0 = -4*d - 0*d + 40. Suppose -3*x - 3*b - 3 = 9, b + d = -2*x. Calculate j(x).
-8
Let g(v) = 2*v**2 + 8*v - 4. Let r be g(-4). Let o(a) = a**2 + 5*a - 2. Give o(r).
-6
Suppose 3 + 3 = 2*n. Let h(r) = r**